{"id":1214,"date":"2026-04-27T09:52:10","date_gmt":"2026-04-27T07:52:10","guid":{"rendered":"https:\/\/tuiliere-a-ciel-ouvert.fr\/?page_id=1214"},"modified":"2026-04-27T10:27:13","modified_gmt":"2026-04-27T08:27:13","slug":"festuiliere-2026","status":"publish","type":"page","link":"https:\/\/tuiliere-a-ciel-ouvert.fr\/index.php\/festuiliere-2026\/","title":{"rendered":"Festuili\u00e8re 2026"},"content":{"rendered":"\n<p class=\"has-text-align-center has-large-font-size\">Festuili\u00e8re 2026<br><em>le<\/em> <em>29 Ao\u00fbt<\/em><\/p>\n\n\n\n<p>Bonjour \u00e0 toi futur\u00b7e festivalier\u00b7e ! <br>Tu trouveras sur ces pages tout ce dont tu as besoin pour venir faire la f\u00eate avec nous \u00e0 la Tuili\u00e8re cet \u00e9t\u00e9 ! <br>Tu pourras prendre connaissance du programme d\u00e9taill\u00e9 au fur et \u00e0 mesure que nous le d\u00e9voilerons, prendre ta place en cliquant sur le lien d&#8217;inscription (plus tu le feras t\u00f4t et mieux on pourra anticiper l&#8217;organisation), et si tu as des questions, tu trouveras toutes les r\u00e9ponses dans la partie infos pratiques.<br><br>A toi de jouer !<br><br><br><\/p>\n\n\n\n<p><\/p>\n\n\n\n<p class=\"has-large-font-size\">\u2600\ufe0f<a href=\"https:\/\/tuiliere-a-ciel-ouvert.fr\/index.php\/programme-et-plan-2026\/\" data-type=\"page\" data-id=\"528\">Programme et plan<\/a><\/p>\n\n\n\n<p class=\"has-large-font-size\">\ud83c\udf31<a href=\"https:\/\/www.helloasso.com\/associations\/la-tuiliere-a-ciel-ouvert\/evenements\/festuiliere-2026-billetterie\">Inscriptions<\/a><\/p>\n\n\n\n<p class=\"has-large-font-size\">\ud83e\udd94<a href=\"https:\/\/tuiliere-a-ciel-ouvert.fr\/index.php\/infos-pratiques\/\" data-type=\"page\" data-id=\"526\">Infos pratiques<\/a><\/p>\n\n\n\n<p><\/p>\n","protected":false},"excerpt":{"rendered":"<p>Festuili\u00e8re 2026le 29 Ao\u00fbt Bonjour \u00e0 toi futur\u00b7e festivalier\u00b7e ! Tu trouveras sur ces pages tout ce dont tu as besoin pour venir faire la f\u00eate avec nous \u00e0 la Tuili\u00e8re cet \u00e9t\u00e9 ! Tu pourras prendre connaissance du programme d\u00e9taill\u00e9 au fur et \u00e0 mesure que nous le d\u00e9voilerons, prendre ta place en cliquant &hellip; <\/p>\n<p class=\"link-more\"><a href=\"https:\/\/tuiliere-a-ciel-ouvert.fr\/index.php\/festuiliere-2026\/\" class=\"more-link\">Continue reading<span class=\"screen-reader-text\"> &#8220;Festuili\u00e8re 2026&#8221;<\/span><\/a><\/p>\n","protected":false},"author":1,"featured_media":0,"parent":0,"menu_order":0,"comment_status":"closed","ping_status":"closed","template":"","meta":{"footnotes":""},"_links":{"self":[{"href":"https:\/\/tuiliere-a-ciel-ouvert.fr\/index.php\/wp-json\/wp\/v2\/pages\/1214"}],"collection":[{"href":"https:\/\/tuiliere-a-ciel-ouvert.fr\/index.php\/wp-json\/wp\/v2\/pages"}],"about":[{"href":"https:\/\/tuiliere-a-ciel-ouvert.fr\/index.php\/wp-json\/wp\/v2\/types\/page"}],"author":[{"embeddable":true,"href":"https:\/\/tuiliere-a-ciel-ouvert.fr\/index.php\/wp-json\/wp\/v2\/users\/1"}],"replies":[{"embeddable":true,"href":"https:\/\/tuiliere-a-ciel-ouvert.fr\/index.php\/wp-json\/wp\/v2\/comments?post=1214"}],"version-history":[{"count":3,"href":"https:\/\/tuiliere-a-ciel-ouvert.fr\/index.php\/wp-json\/wp\/v2\/pages\/1214\/revisions"}],"predecessor-version":[{"id":1226,"href":"https:\/\/tuiliere-a-ciel-ouvert.fr\/index.php\/wp-json\/wp\/v2\/pages\/1214\/revisions\/1226"}],"wp:attachment":[{"href":"https:\/\/tuiliere-a-ciel-ouvert.fr\/index.php\/wp-json\/wp\/v2\/media?parent=1214"}],"curies":[{"name":"wp","href":"https:\/\/api.w.org\/{rel}","templated":true}]}}

Festuilière 2026

<p class="has-text-align-center has-large-font-size">Festuilière 2026<br><em>le</em> <em>29 Août</em></p>



<p>Bonjour à toi futur·e festivalier·e ! <br>Tu trouveras sur ces pages tout ce dont tu as besoin pour venir faire la fête avec nous à la Tuilière cet été ! <br>Tu pourras prendre connaissance du programme détaillé au fur et à mesure que nous le dévoilerons, prendre ta place en cliquant sur le lien d&#8217;inscription (plus tu le feras tôt et mieux on pourra anticiper l&#8217;organisation), et si tu as des questions, tu trouveras toutes les réponses dans la partie infos pratiques.<br><br>A toi de jouer !<br><br><br></p>



<p></p>



<p class="has-large-font-size">☀️<a href="https://tuiliere-a-ciel-ouvert.fr/index.php/programme-et-plan-2026/" data-type="page" data-id="528">Programme et plan</a></p>



<p class="has-large-font-size">🌱<a href="https://www.helloasso.com/associations/la-tuiliere-a-ciel-ouvert/evenements/festuiliere-2026-billetterie">Inscriptions</a></p>



<p class="has-large-font-size">🦔<a href="https://tuiliere-a-ciel-ouvert.fr/index.php/infos-pratiques/" data-type="page" data-id="526">Infos pratiques</a></p>



<p></p>

<p>Festuilière 2026le 29 Août Bonjour à toi futur·e festivalier·e ! Tu trouveras sur ces pages tout ce dont tu as besoin pour venir faire la fête avec nous à la Tuilière cet été ! Tu pourras prendre connaissance du programme détaillé au fur et à mesure que nous le dévoilerons, prendre ta place en cliquant &hellip; </p>
<p class="link-more"><a href="https://tuiliere-a-ciel-ouvert.fr/index.php/festuiliere-2026/" class="more-link">Continue reading<span class="screen-reader-text"> &#8220;Festuilière 2026&#8221;</span></a></p>
