

{"id":33,"date":"2020-09-26T16:03:07","date_gmt":"2020-09-26T14:03:07","guid":{"rendered":"http:\/\/tuiliere-a-ciel-ouvert.fr\/?page_id=33"},"modified":"2022-05-18T11:27:45","modified_gmt":"2022-05-18T09:27:45","slug":"la-tuimaillere","status":"publish","type":"page","link":"https:\/\/tuiliere-a-ciel-ouvert.fr\/index.php\/la-tuimaillere\/","title":{"rendered":"Cr\u00e9maill\u00e8re avort\u00e9e"},"content":{"rendered":"\n<figure class=\"wp-block-image is-resized\"><img loading=\"lazy\" decoding=\"async\" src=\"https:\/\/tuiliere-a-ciel-ouvert.fr\/wp-content\/uploads\/2020\/09\/La_Tuiliere_en_fete_2.png\" alt=\"\" class=\"wp-image-34\" width=\"550\" height=\"413\" srcset=\"https:\/\/tuiliere-a-ciel-ouvert.fr\/wp-content\/uploads\/2020\/09\/La_Tuiliere_en_fete_2.png 853w, https:\/\/tuiliere-a-ciel-ouvert.fr\/wp-content\/uploads\/2020\/09\/La_Tuiliere_en_fete_2-300x225.png 300w, https:\/\/tuiliere-a-ciel-ouvert.fr\/wp-content\/uploads\/2020\/09\/La_Tuiliere_en_fete_2-768x576.png 768w\" sizes=\"(max-width: 550px) 100vw, 550px\" \/><\/figure>\n\n\n\n<h2 class=\"wp-block-heading\">La Fiesta approche !! =)<\/h2>\n\n\n\n<p>Plus qu&#8217;un mois avant la fiesta !! On est hyper content.e.s de vous recevoir bient\u00f4t ! \ud83d\ude42 <\/p>\n\n\n\n<p>On estime \u00eatre une cinquantaine de gens fr\u00e9quentables au point culminant du week-end. On vous tiendra au courant selon les retours du questionnaire pour que vous puissiez pleinement prendre votre d\u00e9cision, notamment rapport au COVID. N&#8217;h\u00e9sitez pas donc \u00e0 r\u00e9pondre au questionnaire, ou \u00e0 nous tenir au courant \ud83d\ude09<\/p>\n\n\n\n<p>Il y aura aussi quelques amis canid\u00e9s parmi nous, on vous propose donc ce march\u00e9 : si certain.e.s ne sont pas \u00e0 l&#8217;aise avec les chiens, ils.elles le font savoir et les propri\u00e9taires sont ok pour les tenir attach\u00e9s ou \u00e0 distance \ud83d\ude42<br><\/p>\n\n\n\n<h2 class=\"wp-block-heading\">Jeu concours : qu&#8217;est-ce tu ram\u00e8nes ?<\/h2>\n\n\n\n<p>On a quelques questions pour vous en termes d&#8217;orga : vos horaires et vos trajets, et on vous laisse organiser des <strong>covoits<\/strong> entre vous si \u00e7a vous dit (pour le trajet ou pour venir depuis une gare), ce que vous ramenez. Merci d&#8217;aller voir ce joli tableau : <a href=\"https:\/\/lite.framacalc.org\/9j4d-orga-cremaillere-tuiliere\">https:\/\/lite.framacalc.org\/9j4d-orga-cremaillere-tuiliere<\/a><\/p>\n\n\n\n<h2 class=\"wp-block-heading\">On est l\u00e0 !<\/h2>\n\n\n\n<p>On est au 750 route de la Tuil\u00e8re \u00e0 Maclas, les GPS aiment mieux qu&#8217;on leur dise &#8220;L&#8217;Egat&#8221;.  Sachant qu&#8217;on n&#8217;a pas encore d\u00e9fini pr\u00e9cis\u00e9ment le lieu qu&#8217;on proposera pour le parking. On vous tient inform\u00e9s sur ce point au plus vite !<\/p>\n\n\n\n<p>En train,  les gares les plus proches sont celles de St Clair les Roches et Le P\u00e9age de Roussillon. On vous invite \u00e0 regrouper au max l&#8217;arriv\u00e9e de vos trains pour qu&#8217;on fasse des voyages group\u00e9s (on est \u00e0 20-25minutes) ou m\u00eame de voir si des gens en voiture peuvent vous remonter \ud83d\ude09 <\/p>\n\n\n\n<p>\n\n\t\t\t\t<div id=\"map_ol3js_1\" class=\"map undefined\" data-map_name=\"undefined\" data-map=\"map_ol3js_1\" style=\"width:95%; max-width:100%; height:450px; display:block; overflow:hidden;border:thin solid ; background-image: url(https:\/\/tuiliere-a-ciel-ouvert.fr\/wp-content\/plugins\/osm\/GDPR_bckgrnd.png); background-repeat: no-repeat; background-position: center; position: relative;\" >\n\t\t\t\t  <div id=\"map_ol3js_1_popup\" class=\"ol-popup\" >\n\t\t\t\t\t<a href=\"#\" id=\"map_ol3js_1_popup-closer\" class=\"ol-popup-closer\"><\/a>\n\t\t\t\t\t<div id=\"map_ol3js_1_popup-content\" ><\/div>\n\t\t\t\t  <\/div>\n\t\t\t\t<\/div>\n\t\t\t\n\t\t\t\t<link rel=\"stylesheet\" href=\"https:\/\/tuiliere-a-ciel-ouvert.fr\/wp-content\/plugins\/osm\/js\/OL\/7.1.0\/ol.css?ver=7.1.0\" type=\"text\/css\">\n\t\t\t\t<link rel=\"stylesheet\" href=\"https:\/\/tuiliere-a-ciel-ouvert.fr\/wp-content\/plugins\/osm\/css\/osm_map_v3.css?ver=1.0.0\" type=\"text\/css\">\n\t\t\t\t<link rel=\"stylesheet\" href=\"https:\/\/tuiliere-a-ciel-ouvert.fr\/wp-content\/plugins\/osm\/css\/osm_map.css?ver=1.0.0\" type=\"text\/css\">\n\t\t\t\t<!-- The line below is only needed for old environments like Internet Explorer and Android 4.x -->\n                                <script src=\"https:\/\/tuiliere-a-ciel-ouvert.fr\/wp-content\/plugins\/osm\/js\/polyfill\/v2\/polyfill.min.js?features=requestAnimationFrame,Element.prototype.classList,URL\"><\/script>\n\n\t\t\t\t<script src=\"https:\/\/tuiliere-a-ciel-ouvert.fr\/wp-content\/plugins\/osm\/js\/OL\/7.1.0\/ol.js?ver=7.1.0\" type=\"text\/javascript\"><\/script>\n\t\t\t\t<script src=\"https:\/\/tuiliere-a-ciel-ouvert.fr\/wp-content\/plugins\/osm\/js\/osm-v3-plugin-lib.js?ver=1.0.0\" type=\"text\/javascript\"><\/script>\n\t\t\t\t<script src=\"https:\/\/tuiliere-a-ciel-ouvert.fr\/wp-content\/plugins\/osm\/js\/osm-metabox-events.js?ver=1.0.0\" type=\"text\/javascript\"><\/script>\n\t\t\t\t<script src=\"https:\/\/tuiliere-a-ciel-ouvert.fr\/wp-content\/plugins\/osm\/js\/osm-startup-lib.js\" type=\"text\/javascript\"><\/script>\n\t\t\t\t<script type=\"text\/javascript\">\n\t\t\t\t\ttranslations['openlayer'] = \"open layer\";\n\t\t\t\t\ttranslations['openlayerAtStartup'] = \"open layer at startup\";\n\t\t\t\t\ttranslations['generateLink'] = \"link to this map with opened layers\";\n\t\t\t\t\ttranslations['shortDescription'] = \"short description\";\n\t\t\t\t\ttranslations['generatedShortCode'] = \"to get a text control link paste this code in your wordpress editor\";\n\t\t\t\t\ttranslations['closeLayer'] = \"close layer\";\n\t\t\t\t\ttranslations['cantGenerateLink'] = \"put this string in the existing map short code to control this map\";\n\t\t\t  <\/script>\n\n\n\t\t\t  <script type=\"text\/javascript\">\n\t\t\t  vectorM['map_ol3js_1'] = [];\n\t        \n        var raster = getTileLayer(\"osm\",\"NoKey\");\t\t\t\n\n\t\t\t  var map_ol3js_1 = new ol.Map({\n\t\t\t\tinteractions: ol.interaction.defaults.defaults({mouseWheelZoom:false}),\n\t\t\t\tlayers: [raster],\n\t\t\t\ttarget: \"map_ol3js_1\",\n\t\t\t\tview: new ol.View({\n\t\t\t\t  center: ol.proj.transform([4.6869,45.3470], \"EPSG:4326\", \"EPSG:3857\"),\n\t\t\t\t  zoom: 17\n\t\t\t\t})\n\t\t\t  });\n\t\t\t  osm_addMarkerLayer(map_ol3js_1,4.6869,45.3470,\"https:\/\/tuiliere-a-ciel-ouvert.fr\/wp-content\/plugins\/osm\/icons\/mic_green_palm-tree-export_01.png\",-16,-41,\"<p><b>La Tuili\u00e8re A Ciel Ouvert<\/b><br>L&apos;\u00e9gat, 42520 Maclas<\/br><\/p>\") ; \naddControls2Map(map_ol3js_1,0,0,3,1,5,6,7,1,1);\nosm_addPopupClickhandler(map_ol3js_1,  \"map_ol3js_1\"); \nosm_addMouseHover(map_ol3js_1); <\/script><br><br><\/p>\n\n\n\n<p><\/p>\n\n\n\n<h2 class=\"wp-block-heading\">D\u00e9roul\u00e9 du weekend  <\/h2>\n\n\n\n<ul><li><strong>Vendredi midi \u00e0 samedi matin :<\/strong> RAS, tranquille, chill&#8230;<\/li><li><strong>Samedi d\u00e9but d&#8217;aprem :<\/strong> activit\u00e9s plein air ou sous chapi, selon la m\u00e9t\u00e9o<\/li><li><strong>Samedi soir :<\/strong> musique, fiesta !<\/li><li><strong>Dimanche midi :<\/strong> Chill&amp;Brunch (C&amp;B) <\/li><li><strong>Dimanche aprem :<\/strong> temps libre <\/li><\/ul>\n\n\n\n<h2 class=\"wp-block-heading\">Ce que vous pouvez amener #Z\u00e9roD\u00e9chet<\/h2>\n\n\n\n<h3 class=\"wp-block-heading\"><strong>Le z\u00e9ro d\u00e9chet<\/strong><\/h3>\n\n\n\n<p>On aimerait remplir notre compost seulement avec de bonnes choses, on sait que ce n&#8217;est pas toujours facile alors mettez bien vos noms sur vos d\u00e9chets parce qu&#8217;on vous propose de repartir avec \ud83d\ude42<\/p>\n\n\n\n<p><strong>Mangeaille :<\/strong> on fournit les plats de r\u00e9sistance, les fruits et le pain, on vous attend sur l&#8217;ap\u00e9ro, le fromage et les desserts !<\/p>\n\n\n\n<p><strong>Buvette : <\/strong>on fournit la bi\u00e8re et le jus de pomme, surprenez-nous ! <\/p>\n\n\n\n<p><strong>Ambiance :<\/strong> instruments de musique, jeux de soci\u00e9t\u00e9 et votre derni\u00e8re \u0153uvre d&#8217;art !<\/p>\n\n\n\n<h3 class=\"wp-block-heading\"><strong>La soir\u00e9e<\/strong><\/h3>\n\n\n\n<p><strong>Tenue exig\u00e9e :<\/strong> c&#8217;est pas qu&#8217;on est contre la nudit\u00e9, bien au contraire, mais on n&#8217;est pas encore s\u00fbr.e.s que le chauffage marche ! <\/p>\n\n\n\n<h3 class=\"wp-block-heading\"><strong>La nuit<\/strong><\/h3>\n\n\n\n<p><strong>Couchage :&nbsp;<\/strong>matelas, duvet, et ce que vous voulez d&#8217;autre pour \u00eatre confort. Pas besoin de tente, on en a et on pense qu&#8217;on pourra tous dormir \u00e0 l&#8217;int\u00e9rieur.<\/p>\n\n\n\n<p><strong>Tenue de nuit :<\/strong> prenez votre plus beau pyjama et robe de chambre, vos pantoufles, votre bonnet de nuit et surtout vos boules qui\u00e8s, vous ne savez pas qui seront vos compagnon\u00b7ne\u00b7s de nuit.<\/p>\n\n\n\n<h2 class=\"wp-block-heading\"> COVID (Comment Osez-Vous Insulter Dudule?!)<\/h2>\n\n\n\n<p>Impossible de dire \u00e0 l&#8217;avance si nous festoierons en accord avec les recommendations officielles ou pas&#8230; Les derni\u00e8res infos sont \u00e0 trouver <a href=\"https:\/\/solidarites-sante.gouv.fr\/soins-et-maladies\/maladies\/maladies-infectieuses\/coronavirus\/etat-des-lieux-et-actualites\/article\/indicateurs-de-l-activite-epidemique\"><strong>ici<\/strong><\/a> (pour le classement des zones \u00e0 risques) et <a href=\"https:\/\/dashboard.covid19.data.gouv.fr\/vue-d-ensemble?location=DEP-42\"><strong>l\u00e0<\/strong><\/a> (pour les donn\u00e9es \u00e9pid\u00e9miologiques dans la Loire). Allez voir pour pouvoir nous rejoindre en pleine conscience. Notre avis : la Tuili\u00e8re est loin de Saint\u00e9, la principale zone \u00e0 risques du d\u00e9partement, et tout pr\u00e8s de l&#8217;Ard\u00e8che, un des rares d\u00e9partements \u00e0 \u00eatre pr\u00e9serv\u00e9s de l&#8217;\u00e9pid\u00e9mie : le virus ne circule probablement pas autour de not&#8217; maison.<\/p>\n\n\n\n<p>Sur place, \u00e9videmment, nous soutenons pleinement tou\u00b7te\u00b7s celles et ceux qui veulent se prot\u00e9ger. Pour faciliter , nous proposons un geste simple : si quelqu&#8217;un met un <strong>masque autour du bras<\/strong>, \u00e7a veut dire que ce quelqu&#8217;un demande une vigilance accrue : plus d&#8217;1m de distance, contacts (m\u00eame indirects) \u00e0 \u00e9viter. Nous ne nous exposons pas tou\u00b7te\u00b7s aux m\u00eames risques et n&#8217;avons pas tou\u00b7te\u00b7s les m\u00eames besoins, il est important pour nous que chacun\u00b7e respecte l&#8217;autre \ud83d\ude42<\/p>\n\n\n\n<p>Concernant les repas, nous ferons en sorte d&#8217;\u00e9viter le format buffet. On va donc pr\u00e9voir de la vaisselle pour tout le monde, des ecocups assign\u00e9s \u00e0 vos noms, et une petite \u00e9quipe se chargera de faire le service pour \u00e9viter que tout le monde mette ses grosses pattes sur les m\u00eames couverts \u00e0 salade et la m\u00eame louche pour la soupe \u00e0 l&#8217;oignon de 3h du mat.<\/p>\n\n\n\n<h3 class=\"wp-block-heading\"><strong>Je peux dormir avec qui je veux ???<\/strong><\/h3>\n\n\n\n<p>Toute l&#8217;\u00e9quipe de la Tuili\u00e8re est heureuse de vous proposer des dortoirs pour l&#8217;intimit\u00e9 dont vous r\u00eavez ! Toutefois, pour \u00e9viter les somnambules intempestifs\u00b7ves, nous vous sugg\u00e9rons de dormir par groupe d&#8217;affinit\u00e9s (si, si, on comprend l&#8217;id\u00e9e).<\/p>\n\n\n\n<p>On proposera les chambres en priorit\u00e9 aux plus n\u00e9cessiteux.ses (enfants, &#8230;) \ud83d\ude09<\/p>\n\n\n\n<div class=\"wp-block-image\"><figure class=\"aligncenter is-resized\"><img loading=\"lazy\" decoding=\"async\" src=\"https:\/\/tuiliere-a-ciel-ouvert.fr\/wp-content\/uploads\/2020\/09\/logo.png\" alt=\"\" class=\"wp-image-35\" width=\"97\" height=\"93\" srcset=\"https:\/\/tuiliere-a-ciel-ouvert.fr\/wp-content\/uploads\/2020\/09\/logo.png 659w, https:\/\/tuiliere-a-ciel-ouvert.fr\/wp-content\/uploads\/2020\/09\/logo-300x288.png 300w\" sizes=\"(max-width: 97px) 100vw, 97px\" \/><\/figure><\/div>\n","protected":false},"excerpt":{"rendered":"<p>La Fiesta approche !! =) Plus qu&#8217;un mois avant la fiesta !! On est hyper content.e.s de vous recevoir bient\u00f4t ! \ud83d\ude42 On estime \u00eatre une cinquantaine de gens fr\u00e9quentables au point culminant du week-end. On vous tiendra au courant selon les retours du questionnaire pour que vous puissiez pleinement prendre votre d\u00e9cision, notamment rapport &hellip; <\/p>\n<p class=\"link-more\"><a href=\"https:\/\/tuiliere-a-ciel-ouvert.fr\/index.php\/la-tuimaillere\/\" class=\"more-link\">Continue reading<span class=\"screen-reader-text\"> &#8220;Cr\u00e9maill\u00e8re avort\u00e9e&#8221;<\/span><\/a><\/p>\n","protected":false},"author":1,"featured_media":0,"parent":0,"menu_order":0,"comment_status":"closed","ping_status":"closed","template":"","meta":{"footnotes":""},"_links":{"self":[{"href":"https:\/\/tuiliere-a-ciel-ouvert.fr\/index.php\/wp-json\/wp\/v2\/pages\/33"}],"collection":[{"href":"https:\/\/tuiliere-a-ciel-ouvert.fr\/index.php\/wp-json\/wp\/v2\/pages"}],"about":[{"href":"https:\/\/tuiliere-a-ciel-ouvert.fr\/index.php\/wp-json\/wp\/v2\/types\/page"}],"author":[{"embeddable":true,"href":"https:\/\/tuiliere-a-ciel-ouvert.fr\/index.php\/wp-json\/wp\/v2\/users\/1"}],"replies":[{"embeddable":true,"href":"https:\/\/tuiliere-a-ciel-ouvert.fr\/index.php\/wp-json\/wp\/v2\/comments?post=33"}],"version-history":[{"count":12,"href":"https:\/\/tuiliere-a-ciel-ouvert.fr\/index.php\/wp-json\/wp\/v2\/pages\/33\/revisions"}],"predecessor-version":[{"id":341,"href":"https:\/\/tuiliere-a-ciel-ouvert.fr\/index.php\/wp-json\/wp\/v2\/pages\/33\/revisions\/341"}],"wp:attachment":[{"href":"https:\/\/tuiliere-a-ciel-ouvert.fr\/index.php\/wp-json\/wp\/v2\/media?parent=33"}],"curies":[{"name":"wp","href":"https:\/\/api.w.org\/{rel}","templated":true}]}}